alculate u(4).
33
Let o be 12/2*(-28)/(-168) - -3. Let k(l) be the second derivative of -l**4/24 + l**3/3 + l**2/2 + 3*l. Let p(v) be the first derivative of k(v). What is p(o)?
-2
Suppose 3*p = 9*p - 7*p. Let m(s) be the second derivative of 2*s + p - 5/2*s**2 - 1/12*s**4 - s**3. What is m(-5)?
0
Let x(t) = -2*t**2 + 2*t + 15. Let f(k) = -7*k**2 + 6*k + 42. Let d(m) = -4*f(m) + 11*x(m). Determine d(2).
17
Let x(k) = 5*k**2 + 26*k + 10. Let z be x(-5). Let b(h) = -h**2 + 5*h + 9. Determine b(z).
9
Let l(s) be the second derivative of -s**5/20 - s**4/2 + s**3/3 + 4*s**2 + 2*s - 10. What is l(-6)?
-4
Let j = 222 - 221. Let w be 4/(-6) + 15/9. Let g(x) = -9*x - w + 2*x + 2*x. Determine g(j).
-6
Let d(q) be the second derivative of -q**2 - 1/20*q**5 + 1/3*q**3 + 0 - 5*q + 1/6*q**4. Suppose 2*k - 5 = 2*f - 3*f, -k = 4*f + 1. What is d(k)?
-5
Let t(j) = -1 - 15*j - 7*j + 10*j - 16*j. What is t(1)?
-29
Let n(t) = t**3 - 6*t**2 + 6*t - 1. Let x(v) = v**3 + 2*v**2 - 100*v - 7. Let u be x(-11). Give n(u).
-9
Suppose -4325*y = -4326*y + 1. Let m(w) = w - 7. Let t(a) = a - 6. Let p(k) = 6*m(k) - 7*t(k). Determine p(y).
-1
Let f(l) = 4*l**2 + 13*l - 2 - 30*l + 11*l + 8*l. Calculate f(-2).
10
Suppose 407 = 7*z + 365. Let a(o) = -o**3 + 6*o**2 + 5. Give a(z).
5
Let i(c) = -18*c - 33. Let j(q) = -12*q - 22. Let m(x) = -5*i(x) + 7*j(x). Calculate m(-8).
-37
Let d = 14 + -9. Suppose -14 = -d*m - 4. Let k(i) = -m*i + 8 + 6 - 9. Determine k(4).
-3
Let y(d) = 0*d + 3*d - 3*d - 2*d - 4. What is y(-7)?
10
Let w(v) = -v - 5. Let s(g) = 5*g**2 + g + 1. Let n be s(-1). Suppose 0 = -n*u - 3*y + 23, 3*u + 5*y - 16 = 1. Suppose i = -u*i. Give w(i).
-5
Let s(t) be the third derivative of -t**4/24 - t**3/2 + 24*t**2. What is s(-9)?
6
Let q(u) = 27*u**3 - 2*u**2 + 1. Let d(g) = -2*g + 39. Let h be d(19). Determine q(h).
26
Let l be -1 - 15/45*-3*1. Let b(c) be the second derivative of -c**4/12 - c**3/6 + c**2 + 11*c. Calculate b(l).
2
Let g(o) = -o**2 - 3*o - 3. Let j(f) = 6*f + 75 - 69 + 2*f**2 + 0*f. Let a = 1 + -3. Let z(b) = a*j(b) - 5*g(b). Determine z(-4).
7
Let j = -4 - -8. Let d be (-44)/(-242) + j/(-22). Suppose 5*u - 5*r + 3*r + 25 = 0, d = 2*u - 2*r + 4. Let t(b) = b**3 + 7*b**2 - 2*b - 7. Determine t(u).
7
Suppose i = 5*u - 3*i - 4, u + 2*i + 2 = 0. Let w = u + 9. Let y(s) = -2*s + 6. Determine y(w).
-12
Let g(d) = -d**2 + 5*d + 11. Let m(p) = -2*p - 12. Let y be m(-10). Calculate g(y).
-13
Let i(p) = -3*p + 25. Let m be i(6). Let b be (2 - -3) + -5 + -1 + m. Let u(l) = -l + 2. What is u(b)?
-4
Let h(y) = -11*y**2 + 35*y + 18. Let w(r) = 7*r**2 - 23*r - 12. Let j(p) = -5*h(p) - 8*w(p). What is j(9)?
6
Let y(z) = 19*z**2 - 6*z - 17. Let v(b) = 8*b**2 - 4*b - 9. Let g(o) = 7*v(o) - 3*y(o). Calculate g(-8).
4
Let b(w) be the first derivative of 5*w**2 + 8*w + 21 - 4/3*w**3 - 1/4*w**4. What is b(-6)?
20
Let x(j) be the third derivative of j**5/60 - j**4/4 + j**3/2 - j**2. Let w be (-34)/(-3) + ((-85)/(-15) - 7) - 5. Calculate x(w).
-2
Let b(g) be the second derivative of -1/6*g**3 + 3*g + 0*g**4 + 0 - 1/2*g**2 + 1/10*g**5. Let f(p) = -p**2 + p + 2. Let z be f(0). What is b(z)?
13
Suppose -9 = 32*x - 29*x. Let w(j) = 4 + 18*j - 16*j - 2. Calculate w(x).
-4
Let i(r) = -4. Let f(t) = -3. Let h(m) = -5*f(m) + 4*i(m). Let v(s) = 6*s**3 - s**3 - 6*s**3 - s - 5 + 0*s**3. Let a(k) = -4*h(k) + v(k). Determine a(0).
-1
Let o(g) = g**2 - 3*g - 19. Let m be (52/195)/(-2) - 107/(-15). What is o(m)?
9
Let i = 9 + -6. Suppose i*g = -54 + 57. Let p(q) = 5*q**2 - 2*q + 1. Let s(x) = 4*x**2 - 3*x + 1. Let f(n) = 3*p(n) - 2*s(n). Determine f(g).
8
Let p(s) be the second derivative of -s**3/2 + 3*s**2/2 - s + 18. What is p(4)?
-9
Let p(v) = 4*v + 9. Let k(f) = 2*f + 5. Let w(y) = -5*k(y) + 3*p(y). Give w(-3).
-4
Let l be (10/4)/((-1)/(-2)). Let b(f) = -2*f + 0*f - 1 - l*f. Suppose 11750*u = 11717*u - 33. Give b(u).
6
Let d be (0 + 1*4)/1. Let z(g) be the third derivative of 0*g - 7*g**2 + 1/8*g**4 + 0 + 1/6*g**3. What is z(d)?
13
Suppose 16 = -3*b - 2. Let u(q) = 11*q**2 - 8*q - 1. Let m(w) = 32*w**2 - 23*w - 3. Let p(l) = b*m(l) + 17*u(l). Determine p(-1).
-6
Let u(i) = i**3 - 5*i**2 - 4*i - 5. Let y(p) = -p**2 + 14*p - 18. Let d be y(12). Let g be u(d). Let c(b) = b**3 - 7*b**2 - 4*b + 6. Calculate c(g).
-22
Let y = -18 - -23. Suppose -19 = -y*k + i, 2*k - 11 = -i - 2*i. Let g(c) = c**2 - 5*c. Give g(k).
-4
Let j(z) = -17*z - 20*z + 12*z - z. Determine j(1).
-26
Let b be (-6 - -1)*(-8)/(-20). Let j(a) be the third derivative of a**5/60 + a**4/24 - a**3/3 - 92*a**2. What is j(b)?
0
Let v(f) = 3*f**2 + 4*f + 1. Let x(t) = -10*t**2 - 18*t - 4. Let y(l) = -7*v(l) - 2*x(l). Suppose -2*o + 17 = -1. Calculate y(o).
-8
Let b(k) be the third derivative of k**4/12 + k**3/3 - 382*k**2 + k. Let v be (6/(-8) - -1)*8. Give b(v).
6
Let w be (-32)/(-160) - (-16)/(-5). Let k(s) = 3 + 2*s - s + 3 - 2. Give k(w).
1
Let o(g) = 2*g**2 + 8*g + 6. Let d be 3 - -1*(3 - 4). Let x(m) = -2*m**2 - m - 3*m**2 + 1 + d*m. Let f be x(-1). Calculate o(f).
16
Suppose 5 = r + 4*r. Let a be 4 - (0 - r - -2). Let b(z) = z - 6. Let k be b(a). Let h(x) = -x**2 - 3*x - 4. What is h(k)?
-4
Let w(h) = -h. Let f(o) = 14*o - 1. Let m(z) = -f(z) - 4*w(z). Suppose -2*g + 4*g + 5*l = 17, 0 = -2*g + 4*l - 10. Give m(g).
-9
Let o be (3 - 1)/(8 + (-116)/14). Let g(h) = 3*h + h**3 + 3 + 11*h**2 + 2*h**2 + 3 - 6*h**2. What is g(o)?
-15
Let l = 12 - 8. Let y = 197 + -188. Suppose -3*n = l*h + 10 + y, 0 = -n + 5*h + 19. Let b(j) = -j**3 - j**2 - j. Determine b(n).
1
Let z(i) = -2*i**2 + 7*i + 5. Let j be z(4). Let v(o) = o**2 + o + 1. Let f(b) = 15*b**2 + 2*b + 1. Let g(p) = f(p) - 2*v(p). Determine g(j).
12
Let b = 1 + 0. Suppose 3*j + 3 = -s, 2*j + 4 = 3*s - 2*j. Let z(x) = -b + s*x - 2 + x - x**2. Determine z(0).
-3
Let o(r) = 131 - 6*r + 0*r - 341 + 2*r + 157. What is o(-12)?
-5
Let j(c) = -c**2 - 2 - 6104*c + 6103*c - 13*c**2 - 7*c**2. Determine j(-1).
-22
Let b = 15 - 13. Let v(n) = -1 + n**b + n + 3*n - 11*n. Determine v(5).
-11
Let x(m) = -m**2 + 3*m - 3. Suppose 4*s = -12 - 0. Let f(g) = -g**2 + 3*g - 4. Let p(t) = s*x(t) + 2*f(t). Calculate p(3).
1
Suppose -r + 273 = 270. Let j(w) = w**3 - 4*w**2 + 2*w + 4. Calculate j(r).
1
Suppose 0*u = -3*u + 9. Let d(i) = 2*i - 3*i**2 + 2*i**2 - 3*i + i**u + 4. Let w = -140 + 140. Determine d(w).
4
Let j(g) = g**3 + 4*g**2 - 5*g + 4. Let y(s) = -2*s**2 + 52*s + 49. Let r = 97 - 70. Let o be y(r). Determine j(o).
4
Let a(q) = 9*q**3 - 19*q**2 - 5*q + 9. Let j(s) = -4*s**3 + 9*s**2 + 2*s - 4. Suppose -2*f = -10*f + 56. Let u(p) = f*j(p) + 3*a(p). Calculate u(3).
23
Let p(m) = m + 1. Let t be p(2). Let f(b) = 2*b**3 + 7*b**2 - 3*b + 2. Let i(s) = 3*s**3 + 13*s**2 - 5*s + 3. Let q(w) = t*i(w) - 5*f(w). Calculate q(4).
-1
Let z(n) = 3*n**2 + 4*n + 11. Let q(m) = -m**2 - 4*m - 6. Let s(t) = -5*q(t) - 2*z(t). What is s(13)?
-5
Suppose -2*s + 2*i - 6 = 0, 0*i = i. Let o(k) = -k - 1. Let h be o(s). Let q(d) = -3*d**2 + 2*d + 2. What is q(h)?
-6
Let z(c) be the third derivative of -c**5/60 + c**4/24 - 7*c**3/6 + 20*c**2 - 2. Calculate z(4).
-19
Let l(c) be the first derivative of 2/3*c**3 + 6*c**2 + 0*c - 8 - 1/60*c**5 - 1/6*c**4. Let d(g) be the second derivative of l(g). What is d(-3)?
7
Let b(d) = -d**3 - 5*d**2 + 13*d - 4. Let c be b(-7). Suppose 2*x + 6 = 2*q, c*x - 6 + 3 = -q. Let o(u) = u**3 - 2*u**2 - u. What is o(q)?
6
Let j(l) be the second derivative of -5*l**3/6 - 2*l**2 - 6*l. Calculate j(-3).
11
Let f(q) be the second derivative of -q**3/6 + q**2 + 2*q + 119. Suppose 5*j - 29 = 3*u, u = -0*j + 4*j - 19. Let i = u - -5. Give f(i).
0
Let o be 1/1*1*17. Let p = o + -12. Let a(t) = -5*t**2 - 3 - t**3 + 2*t**3 - t**2 + 7 + 4*t. Give a(p).
-1
Let a(c) = -11*c**3 + 8*c**2 + 31*c + 35. Let w(v) = -13*v**3 + 7*v**2 + 32*v + 38. Let z(g) = 7*a(g) - 6*w(g). Give z(-12).
5
Let y(k) = -k**3 + 9*k**2 - 10*k. Suppose 0 = 100*w - 3*w - 776. Calculate y(w).
-16
Let y(m) = -m - 9. Let c(w) = -3*w - 19. Let d(u) = -2*c(u) + 5*y(u). Let g be -2*(-6)/4 + -3. What is d(g)?
-7
Let p(c) = -c**2 + 2*c + 5. Suppose -40*h + 33*h = 21. What is p(h)?
-10
Let d(z) = 2*z + 13. Let v be (0 - (1 + -4)) + 6/(-2). Suppose 2*w + 3*h + 19 = 0, v = 4*w + 5*h + 23 + 16. What is d(w)?
-9
Let m(u) = -u**2 - 4*u - 2. Suppo